{"id":1177,"date":"2024-06-17T09:42:17","date_gmt":"2024-06-17T07:42:17","guid":{"rendered":"https:\/\/leslierefine.com\/?page_id=1177"},"modified":"2026-04-27T13:17:18","modified_gmt":"2026-04-27T11:17:18","slug":"calendrier-2","status":"publish","type":"page","link":"https:\/\/leslierefine.com\/index.php\/calendrier-2\/","title":{"rendered":"Calendrier"},"content":{"rendered":"\t\t<div data-elementor-type=\"wp-page\" data-elementor-id=\"1177\" class=\"elementor elementor-1177\">\n\t\t\t\t\t\t<section class=\"elementor-section elementor-top-section elementor-element elementor-element-22c539b elementor-section-full_width page-section scroll-to-page elementor-section-height-default elementor-section-height-default\" data-id=\"22c539b\" data-element_type=\"section\" data-e-type=\"section\" data-settings=\"{&quot;background_background&quot;:&quot;classic&quot;}\">\n\t\t\t\t\t\t<div class=\"elementor-container elementor-column-gap-no\">\n\t\t\t\t\t<div class=\"elementor-column elementor-col-100 elementor-top-column elementor-element elementor-element-57e54e3\" data-id=\"57e54e3\" data-element_type=\"column\" data-e-type=\"column\" data-settings=\"{&quot;background_background&quot;:&quot;gradient&quot;}\">\n\t\t\t<div class=\"elementor-widget-wrap elementor-element-populated\">\n\t\t\t\t\t\t<div class=\"elementor-element elementor-element-3ca0ca9 elementor-widget elementor-widget-drakepricing\" data-id=\"3ca0ca9\" data-element_type=\"widget\" data-e-type=\"widget\" data-widget_type=\"drakepricing.default\">\n\t\t\t\t<div class=\"elementor-widget-container\">\n\t\t\t\t\t\n        <section class=\"pricing-area\">\n                    <div class=\"custom-container\">\n                        <div class=\"pricing-content content-width\">\n                            <div class=\"section-header\">\n\t\t\t\t\t\t\t\t                                <h2 class=\"scroll-animation\" data-animation=\"fade_from_bottom\">Calendrier <span>& Tarifs<\/span><\/h2>\n                            <\/div>\n\n                            <div class=\"pricing-table-items\">\n                                <div class=\"row\">\n                                                                                <div class=\"col-md-6 scroll-animation\" data-animation=\"fade_from_left\">\n                                        <div class=\"pricing-table\">\n                                            <div class=\"pricing-table-header\">\n                                                <div class=\"top d-flex justify-content-between align-items-start\">\n                                                    <h4>St Sorlin de Morestel Dimanche 24 mai<\/h4>\n                                                    <p class=\"text-right\"><\/p>\n                                                <\/div>\n                                                <h2>JOURN\u00c9E Constellation Familiale <span><lis>  Constellant : reste 1 pl.<\/span><\/h2>\n                                            <\/div>\n                                            <ul class=\"feature-lists\">\n                                                <strong>Vous souhaitez \u00eatre constellant : \n<li><\/li>  <li>\nUne constellation familiale et syst\u00e9mique est exclusivement d\u00e9di\u00e9e \u00e0 votre objectif.<li><\/li>\n\n  <li>\n\ud83e\ude99 Tarif constellant . 90\u20ac<li><\/li>\n\n\n\nVous souhaitez \u00eatre repr\u00e9sentant :\n\n<li>* Participez \u00e0 la mise en sc\u00e8ne des objectifs des personnes constellant.<li><\/li>\n\n  <li>\ud83e\ude99 Tarif repr\u00e9sentant . 38\u20ac<li><\/li>\n\n\n________________________________________<li><\/li><em>\n\u231b Horaires  : 9h30 - 17h30.<li><\/li>\n\n  <li><li><\/li>\n\n\ud83e\udd51 Repas et go\u00fbter partag\u00e9s.<em>                                            <\/ul>\n                                            <a \t\t\t\t\t\t\t\t\t\t\t   target=\"_blank\" \t\t\t\t\t\t\t\t\t\t\t   href=\"https:\/\/leslierefine.com\/index.php\/reservations\/\" class=\"theme-btn\">Renseignements et inscriptions<\/a>\n                                        <\/div>\n                                    <\/div>                                    <div class=\"col-md-6 scroll-animation\" data-animation=\"fade_from_left\">\n                                        <div class=\"pricing-table\">\n                                            <div class=\"pricing-table-header\">\n                                                <div class=\"top d-flex justify-content-between align-items-start\">\n                                                    <h4>Gen\u00e8ve . Ginko Studio Dimanche 14 juin<\/h4>\n                                                    <p class=\"text-right\"><\/p>\n                                                <\/div>\n                                                <h2>JOURN\u00c9E Constellation Familiale <span><lis>  Disponibilit\u00e9s : reste 3 pl.<\/span><\/h2>\n                                            <\/div>\n                                            <ul class=\"feature-lists\">\n                                                <strong>Matin\u00e9e : \n<li><\/li>  <li>\n* D\u00e9codage et compr\u00e9hension des dynamiques familiales (charges \u00e9motionnelles, exclusions, d\u00e9s\u00e9quilibres, sch\u00e9mas r\u00e9p\u00e9titifs, loyaut\u00e9s inconscientes) et forces transg\u00e9n\u00e9rationnelles.\n<li><\/li>  <li>* Atelier de pleine pr\u00e9sence<li><\/li>\n\n\n\n\nApr\u00e8s-midi :<li><\/li>  <li>\n\n<li>* Constellations familiales et syst\u00e9miques de diff\u00e9rents type en fonction des besoins. <li>\n\n\n________________________________________<li><\/li><em>\n\u231b Horaires  : 9h30 - 17h30.<li><\/li>\n\n  <li><li><\/li>\n\n\ud83e\udd51 Repas et go\u00fbter partag\u00e9s.<em>\n<li><\/li>\n\n  <li><li><\/li>\n\n \ud83e\ude99 Tarif journ\u00e9e : 150\u20ac                                            <\/ul>\n                                            <a \t\t\t\t\t\t\t\t\t\t\t   target=\"_blank\" \t\t\t\t\t\t\t\t\t\t\t   href=\"https:\/\/leslierefine.com\/index.php\/reservations\/\" class=\"theme-btn\">Renseignements et inscriptions<\/a>\n                                        <\/div>\n                                    <\/div>                                    <div class=\"col-md-6 scroll-animation\" data-animation=\"fade_from_left\">\n                                        <div class=\"pricing-table\">\n                                            <div class=\"pricing-table-header\">\n                                                <div class=\"top d-flex justify-content-between align-items-start\">\n                                                    <h4>Lac de Chambon . Dimanche 21 juin<\/h4>\n                                                    <p class=\"text-right\"><\/p>\n                                                <\/div>\n                                                <h2>JOURN\u00c9E Constellation Familiale <span><lis>  Disponibilit\u00e9s : reste 5 pl.<\/span><\/h2>\n                                            <\/div>\n                                            <ul class=\"feature-lists\">\n                                                <strong>Matin\u00e9e : \n<li><\/li>  <li>\n* D\u00e9codage et compr\u00e9hension des dynamiques familiales (charges \u00e9motionnelles, exclusions, d\u00e9s\u00e9quilibres, sch\u00e9mas r\u00e9p\u00e9titifs, loyaut\u00e9s inconscientes) et forces transg\u00e9n\u00e9rationnelles.\n<li><\/li>  <li>* Atelier de pleine pr\u00e9sence<li><\/li>\n\n\n\n\nApr\u00e8s-midi :<li><\/li>  <li>\n\n<li>* Constellations familiales et syst\u00e9miques de diff\u00e9rents type en fonction des besoins. <li>\n\n\n________________________________________<li><\/li><em>\n\u231b Horaires  : 9h30 - 17h30.<li><\/li>\n\n  <li><li><\/li>\n\n\ud83e\udd51 Repas et go\u00fbter partag\u00e9s.<em>\n<li><\/li>\n\n  <li><li><\/li>\n\n \ud83e\ude99 Tarif journ\u00e9e : 110\u20ac                                            <\/ul>\n                                            <a \t\t\t\t\t\t\t\t\t\t\t   target=\"_blank\" \t\t\t\t\t\t\t\t\t\t\t   href=\"https:\/\/leslierefine.com\/index.php\/reservations\/\" class=\"theme-btn\">Renseignements et inscriptions<\/a>\n                                        <\/div>\n                                    <\/div>                                    <div class=\"col-md-6 scroll-animation\" data-animation=\"fade_from_right\">\n                                        <div class=\"pricing-table\">\n                                            <div class=\"pricing-table-header\">\n                                                <div class=\"top d-flex justify-content-between align-items-start\">\n                                                    <h4>AU BORD DU LAC CHAMBON<\/h4>\n                                                    <p class=\"text-right\"><\/p>\n                                                <\/div>\n                                                <h2>STAGE 2j. Constellations Familiales  <span><lis> Dates \u00e0 venir<\/span><\/h2>\n                                            <\/div>\n                                            <ul class=\"feature-lists\">\n                                                JOUR 1<li><li>* G\u00c9NOGRAMME.\n\n<li>* ATELIERS DE PLEINE PR\u00c9SENCE. <\/li>\n<li>* CONSTELLATION \u00c0 PLACEMENT RITUEL. <li>* HAMMAM, SAUNA  <em>(optionnel).<\/em> <\/li><\/li>\n\nJOUR 2<li> \n\n<li>* QI GONG <em>(optionnel).<\/em>\n\n<li>* CONSTELLATIONS FAMILIALES, SYST\u00c9MIQUES ET RITUELLES.\n\n<li><\/li>\n\n\n________________________________________<li><\/li><em> \ud83e\ude99Tarif : stage 220\u20ac.\n\n <li><li><\/li>\ud83c\udf19 Stage + 1 nuit en chambre collective et pension compl\u00e8te : 345\u20ac.<li><li><\/li>\ud83c\udf19\ud83c\udf19 Stage + 2 nuits en chambre collective et pension compl\u00e8te : 390\u20ac.                                            <\/ul>\n                                            <a \t\t\t\t\t\t\t\t\t\t\t   target=\"_blank\" \t\t\t\t\t\t\t\t\t\t\t   href=\"https:\/\/leslierefine.com\/index.php\/reservations\/ntact\/\" class=\"theme-btn\">Renseignements et inscriptions<\/a>\n                                        <\/div>\n                                    <\/div>                                <\/div>\n                                <p class=\"info scroll-animation\" data-animation=\"fade_from_bottom\">\n                                    <p><span style=\"color: #377a7a;\">Je suis mobile !<\/span><\/p><p><span style=\"color: #ffffff;\">Vous avez un groupe constitu\u00e9 dans un lieu qui n'est pas propos\u00e9 sur le site ou le souhait de r\u00e9aliser une s\u00e9ance en entreprise ?\u00a0<\/span><\/p><p><span style=\"color: #ffffff;\"><strong><span style=\"color: #377a7a;\">Contactez-moi<\/span><\/strong> pour en discuter.<\/span><\/p><a \t\t\t\t\t\t\t\t\t\t\t   target=\"_blank\" \t\t\t\t\t\t\t\t\t\thref=\"#contact\"><\/a>\n                                <\/p>\n                            <\/div>\n        \n                        <\/div>\n                    <\/div>\n                <\/section>\n\n    \t\t\t\t<\/div>\n\t\t\t\t<\/div>\n\t\t\t\t<div class=\"elementor-element elementor-element-52023c5 elementor-widget elementor-widget-spacer\" data-id=\"52023c5\" data-element_type=\"widget\" data-e-type=\"widget\" data-widget_type=\"spacer.default\">\n\t\t\t\t<div class=\"elementor-widget-container\">\n\t\t\t\t\t\t\t<div class=\"elementor-spacer\">\n\t\t\t<div class=\"elementor-spacer-inner\"><\/div>\n\t\t<\/div>\n\t\t\t\t\t\t<\/div>\n\t\t\t\t<\/div>\n\t\t\t\t\t<\/div>\n\t\t<\/div>\n\t\t\t\t\t<\/div>\n\t\t<\/section>\n\t\t\t\t<section class=\"elementor-section elementor-top-section elementor-element elementor-element-a32fcf2 elementor-section-full_width page-section scroll-to-page elementor-section-height-default elementor-section-height-default\" data-id=\"a32fcf2\" data-element_type=\"section\" data-e-type=\"section\" id=\"skills\" data-settings=\"{&quot;background_background&quot;:&quot;classic&quot;}\">\n\t\t\t\t\t\t<div class=\"elementor-container elementor-column-gap-no\">\n\t\t\t\t\t<div class=\"elementor-column elementor-col-100 elementor-top-column elementor-element elementor-element-0fa9229\" data-id=\"0fa9229\" data-element_type=\"column\" data-e-type=\"column\">\n\t\t\t<div class=\"elementor-widget-wrap elementor-element-populated\">\n\t\t\t\t\t\t<div class=\"elementor-element elementor-element-28c7f15 elementor-widget elementor-widget-spacer\" data-id=\"28c7f15\" data-element_type=\"widget\" data-e-type=\"widget\" data-widget_type=\"spacer.default\">\n\t\t\t\t<div class=\"elementor-widget-container\">\n\t\t\t\t\t\t\t<div class=\"elementor-spacer\">\n\t\t\t<div class=\"elementor-spacer-inner\"><\/div>\n\t\t<\/div>\n\t\t\t\t\t\t<\/div>\n\t\t\t\t<\/div>\n\t\t\t\t\t<\/div>\n\t\t<\/div>\n\t\t\t\t\t<\/div>\n\t\t<\/section>\n\t\t<div class=\"elementor-element elementor-element-a403939 e-flex e-con-boxed e-con e-parent\" data-id=\"a403939\" data-element_type=\"container\" data-e-type=\"container\">\n\t\t\t\t\t<div class=\"e-con-inner\">\n\t\t\t\t\t<\/div>\n\t\t\t\t<\/div>\n\t\t\t\t<\/div>\n\t\t","protected":false},"excerpt":{"rendered":"<p>Calendrier &#038; Tarifs St Sorlin de Morestel Dimanche 24 mai JOURN\u00c9E Constellation Familiale Constellant : reste 1 pl. Vous souhaitez \u00eatre constellant : Une constellation familiale et syst\u00e9mique est exclusivement d\u00e9di\u00e9e \u00e0 votre objectif. \ud83e\ude99 Tarif constellant . 90\u20ac Vous souhaitez \u00eatre repr\u00e9sentant : * Participez \u00e0 la mise en sc\u00e8ne des objectifs des personnes [&hellip;]<\/p>\n","protected":false},"author":1,"featured_media":0,"parent":0,"menu_order":0,"comment_status":"closed","ping_status":"closed","template":"page-templates\/main-home.php","meta":{"_monsterinsights_skip_tracking":false,"_monsterinsights_sitenote_active":false,"_monsterinsights_sitenote_note":"","_monsterinsights_sitenote_category":0,"footnotes":""},"class_list":["post-1177","page","type-page","status-publish","hentry"],"_links":{"self":[{"href":"https:\/\/leslierefine.com\/index.php\/wp-json\/wp\/v2\/pages\/1177","targetHints":{"allow":["GET"]}}],"collection":[{"href":"https:\/\/leslierefine.com\/index.php\/wp-json\/wp\/v2\/pages"}],"about":[{"href":"https:\/\/leslierefine.com\/index.php\/wp-json\/wp\/v2\/types\/page"}],"author":[{"embeddable":true,"href":"https:\/\/leslierefine.com\/index.php\/wp-json\/wp\/v2\/users\/1"}],"replies":[{"embeddable":true,"href":"https:\/\/leslierefine.com\/index.php\/wp-json\/wp\/v2\/comments?post=1177"}],"version-history":[{"count":130,"href":"https:\/\/leslierefine.com\/index.php\/wp-json\/wp\/v2\/pages\/1177\/revisions"}],"predecessor-version":[{"id":2927,"href":"https:\/\/leslierefine.com\/index.php\/wp-json\/wp\/v2\/pages\/1177\/revisions\/2927"}],"wp:attachment":[{"href":"https:\/\/leslierefine.com\/index.php\/wp-json\/wp\/v2\/media?parent=1177"}],"curies":[{"name":"wp","href":"https:\/\/api.w.org\/{rel}","templated":true}]}}